r of m and o.
15
Suppose 4*j - 5*u = 328 - 37, 273 = 4*j + u. What is the greatest common divisor of 138 and j?
69
Let q(l) = 113*l + 2837. Let t be q(-25). Suppose 0 = -2*s + 9 + 3. What is the highest common factor of t and s?
6
Let o be (-20)/(-16)*(6 + -2). Suppose -o*k + 0*k + 880 = 0. What is the highest common divisor of 16 and k?
16
Suppose 3*p = 2*h + 5080, 2*p - 4*h - 4840 = -1448. Calculate the greatest common factor of 36 and p.
36
Let l be 2/((-2)/120*-8). Let w be (17 - 2)/(2 + -1). Let f = w + l. What is the greatest common divisor of f and 10?
10
Suppose 4*o - 428 = -4*w, -305 = -2*o - o + 5*w. What is the highest common factor of o and 10?
5
Suppose 251 = 5*n + 4*k - 17, 4*n + 2*k = 212. Suppose 0 = 53*r - n*r - 266. What is the highest common divisor of 14 and r?
14
Suppose 0 = -4*c + 236 - 196. Let q(z) = -31*z - 3. Let n be q(-3). Calculate the greatest common factor of c and n.
10
Suppose -2*p - 53 + 135 = 0. Let x = p - 27. Calculate the highest common factor of 98 and x.
14
Suppose 0 = 5*d + y + 14 + 17, d = -3*y - 9. Let h be 6 + d - (2 + -9). What is the highest common factor of h and 63?
7
Let x = 143 - -182. Calculate the greatest common divisor of x and 130.
65
Suppose -186 = -2*o + 4*x, 2*x + 26 = 2*o - 160. What is the greatest common factor of o and 15?
3
Let f = -230 - -133. Let o = 157 + f. What is the greatest common factor of o and 90?
30
Suppose 5*b = 2*z - 21, 2*b - 18 = -3*z + 5*b. Suppose -3*h + 222 = z*y, 0*h + 58 = h - 3*y. What is the greatest common divisor of h and 28?
14
Let h(j) be the third derivative of j**6/120 - 11*j**5/60 + j**4/24 - j**3/2 + 2*j**2. Let y be h(11). Calculate the highest common factor of 1 and y.
1
Let q = -756 - -764. Calculate the greatest common divisor of 248 and q.
8
Let h = 1698 - -102. What is the highest common factor of 12 and h?
12
Suppose 36 = 6*f - 0. Suppose -3*o = 3*n, o = -n + 2*o + f. Calculate the greatest common factor of n and 1.
1
Let d(t) = t**2 + 4*t + 10. Let g be d(-7). Suppose 3*a - 5 = g. What is the highest common divisor of a and 24?
12
Let g be ((-4)/1)/((-4)/22). Let j be (11/4)/(-3*2/(-528)). What is the greatest common factor of j and g?
22
Let a(i) = -i**3 + 13*i**2 - 12*i + 16. Let d be a(12). Let j(m) = m + 1. Let x be j(d). What is the greatest common factor of 153 and x?
17
Suppose -5*s + 39 = 3*b, -13 = -3*s + 5*b + 24. Let q = 6 + 6. Let w be ((-6)/4)/((-2)/q). Calculate the highest common divisor of s and w.
9
Let q(s) = -3*s**3 - s**2 - 2*s. Let d be q(-2). Suppose m - 14 = 2*f, 3*m - 3*f = 2*m + 13. Calculate the greatest common factor of d and m.
8
Suppose 8*p - 50 = 3*p. Suppose -5 = 4*k - c, k - 25 = 5*k - 5*c. Suppose 36 = 4*q + y, 2*q = -2*y + 12 - k. What is the greatest common factor of q and p?
10
Let t(g) = -g**3 - 4*g**2 + 4*g + 15. Let u be t(-5). Let i(a) = -2*a**2 + 41*a - 2. Let l be i(u). What is the greatest common factor of 90 and l?
18
Suppose -59 = -5*j - z, -3*z + 15 + 6 = 2*j. Let h(i) = -2*i**2 + 6*i - 31. Let p be h(6). Let y = p - -75. What is the greatest common divisor of j and y?
4
Let r(y) = y - 7. Let c be r(7). Suppose c = 4*f - 15 + 3. Let s(n) = -n**2 - 50*n + 66. Let g be s(-51). Calculate the highest common factor of f and g.
3
Suppose -c - 2*z + 287 = 0, -44*c = -46*c + 3*z + 609. What is the greatest common divisor of 216 and c?
27
Let o be (6 - 5)*(8 + (-6 - -3)). What is the greatest common factor of 1 and o?
1
Let j be (-1204)/(-20) - 3/15. Let r = -10 + j. Suppose o - r + 48 = 0. What is the greatest common divisor of 14 and o?
2
Suppose 4*j + 0*j - 232 = 3*h, -4*j - h = -232. Suppose 2*s - j = 54. What is the greatest common factor of 8 and s?
8
Suppose 0*r + 2*r - 8 = -z, -2*z - 8 = -2*r. Suppose 8*w - 7*w - 8 = z. What is the highest common divisor of w and 72?
8
Suppose 3*a - 9 = 0, 3*z - 12 = 12*a - 8*a. Suppose -5*x = -3*n - 15 - 16, -4*x + 2*n = -26. Calculate the greatest common divisor of x and z.
8
Let q(t) = 5*t + t**3 + 0 + 6*t**2 + 2 - 1. Let h be q(-4). Calculate the highest common divisor of 117 and h.
13
Let r be 3/(-3*(-2)/(-174)). Let v = r + 157. Let s be 2/(-8) + (-57)/(-4). What is the greatest common divisor of s and v?
14
Let u(o) = -o**3 + 1 - 2 + o**2 + 3 + 4*o + 0*o**2. Let y be u(-3). Suppose 0 = w - 4, 5*z - 199 = -2*w + w. What is the highest common divisor of y and z?
13
Suppose p = -2*k + 2 + 8, -2*p + 10 = 2*k. Suppose 319 = k*n - 4*n. Suppose o = 6*o - 145. Calculate the highest common divisor of n and o.
29
Let l(d) = d**2 + 3*d + 7. Let g be l(-5). Let t be (-30)/(-240) - 679/(-8). What is the greatest common divisor of t and g?
17
Suppose 62*a = 57*a + 1210. Calculate the greatest common factor of a and 22.
22
Let j be 2*(30/(-4))/5. Let z be (1 - (-11)/(-2))*2. Let m = j - z. Calculate the greatest common factor of m and 3.
3
Let k = 196 - 42. What is the highest common factor of 70 and k?
14
Suppose -2*s = 5*l - 201, -5*l = 3*s - 314 + 5. What is the highest common divisor of s and 54?
54
Suppose -16*q + 46*q = 390. What is the greatest common divisor of 182 and q?
13
Suppose -153 = -18*d + 135. Calculate the highest common factor of d and 144.
16
Let q(x) = -1. Let p(c) = 17*c - 21. Let n(k) = p(k) - 6*q(k). Let d be n(7). Calculate the highest common divisor of d and 26.
26
Let n(j) = -j**2 + j. Let y be n(1). Suppose y*g = 7*g - 504. Calculate the highest common factor of 9 and g.
9
Suppose v + 552 = 25*v. Calculate the greatest common divisor of v and 2.
1
Let x(m) = -49*m + 17. Let y be x(-1). What is the greatest common factor of y and 693?
33
Suppose -40 = -4*b - 4*m, -3*m - 23 - 13 = -3*b. Let s(r) = r**2 - 5. Let w be (5/5)/((-3)/12). Let a be s(w). What is the greatest common factor of b and a?
11
Suppose -13 = -o - 2. Suppose -20 = -3*i + 5*h - 2, 4*i - 24 = 5*h. Suppose -3*q - 132 = -i*q. Calculate the greatest common factor of o and q.
11
Let u = 49 + -33. Suppose 0 = 4*t - 4*f - 456, 18*t - 4*f = 15*t + 344. What is the highest common divisor of t and u?
16
Let v be (455/30 - 3/18) + 2. Suppose -12 = -5*d + 3. Suppose -2*y - 6 = 0, 2*y + 150 = 3*t + d*y. Calculate the greatest common factor of t and v.
17
Let l be 24/32*8*(-1 - 0). Let r(o) = -2*o**2 + 3*o. Let u be r(3). Let b = l - u. What is the greatest common factor of 3 and b?
3
Let o(d) = d**3 - d**2 + 2*d + 2. Let n be o(6). Suppose 0 = 7*z - 184 - n. What is the greatest common divisor of 36 and z?
18
Suppose 0*j - 2832 = 6*j. Let c = j + 890. Calculate the greatest common divisor of 38 and c.
38
Suppose -z + 2*h - 10 = 0, -1 = 3*z - 3*h + 29. Let s be 5/((5 + z)/(-20)). Calculate the greatest common divisor of s and 220.
20
Let a be 5*6/15 - -277. Suppose -a = 5*f - 774. Calculate the highest common factor of 11 and f.
11
Suppose 2*s - 175 - 113 = 0. Calculate the greatest common divisor of 16 and s.
16
Let t = -246 + 597. What is the greatest common factor of 243 and t?
27
Let o be (-1 - 13/(-14)) + 5679/126. Let v = -43 + 27. Let z be -1*((-2 - -3) + v). What is the highest common factor of o and z?
15
Let i(p) = -2*p**3 - 5*p**2 + 2*p - 8. Let o be i(-4). Calculate the highest common divisor of o and 64.
32
Suppose 4*t = 5*s + 200, -5*t - 2*s + 127 = -2*t. Let h = t + -1. Calculate the greatest common divisor of 4 and h.
4
Suppose 4 + 6 = -5*i, 5*g + 3*i = 9. Suppose 0*w + 3*u = -4*w + 572, g*w - 429 = -3*u. Calculate the highest common factor of 13 and w.
13
Let q(h) = 5*h**3 - 3*h**2 + 4*h - 3. Let n be q(2). Let i = -261 + 558. What is the greatest common factor of n and i?
33
Let h(g) = 3*g**2 + 59*g + 799. Let w be h(-38). Calculate the highest common factor of 27 and w.
27
Let s(g) = 57*g + 119. Let z be s(-2). Suppose 4*p = m + 116, 5*p - 162 = 3*m - 6*m. Suppose 0 = -t + p + 5. Calculate the highest common factor of t and z.
5
Let z = 8 + 21. Calculate the highest common factor of z and 319.
29
Let i(x) = 103*x - 193. Let u be i(3). Calculate the highest common divisor of 522 and u.
58
Suppose -4*x = -9*x + 35. Suppose -82 = -4*l - 0*p - p, -4*p = l - 13. Let n be (-4)/(-8)*-2*l/(-1). What is the highest common divisor of x and n?
7
Let f(a) = -14*a - 10. Let o be f(-7). Suppose -20 = 5*q, -2*j - 2*q - 41 = -5*j. What is the highest common divisor of o and j?
11
Let m =